 the remainder when z is divided by 11?
7
Suppose -3*w = -2*w - 1. Let d = 20 - 13. Calculate the remainder when w/((-3)/(-6)) + 25 is divided by d.
6
Let p be 8 + -4 - 1*31. Let f = 35 + p. Let q = 23 + -8. Calculate the remainder when q is divided by f.
7
Let u(z) = -2*z + 7. Let n be u(6). Let p = -17 + 59. What is the remainder when p is divided by -4*(55/2)/n?
20
Let r be (-48)/(-9)*3/2. Let i be -6*((-15)/(-2))/(-5). Let w = r + i. Calculate the remainder when 48 is divided by w.
14
Let r(f) = -7*f**3 + 2*f**2 + 4*f + 1. Let o be r(-4). Let t = o - 323. Calculate the remainder when t is divided by 36.
34
Let u = 53 - 50. Suppose o = g + 2*o - 21, 0 = 4*g - 4*o - 44. Suppose 0 = -4*z + g + 20. Calculate the remainder when z is divided by u.
0
Calculate the remainder when 12 is divided by 20/2 - (-5 + 8 + 1).
0
Suppose 1621 = 7*w + 7*w + 263. What is the remainder when w is divided by -1 - (-1*28 + 2)?
22
Let q = 5 + -3. Let l be (0/q - -2) + 19. Let t = -15 + l. What is the remainder when 17 is divided by t?
5
Let z(g) = g**3 + 7*g**2 - g - 3. Let u be z(-6). Suppose -3*l = 2*l - 3*s - u, -s - 15 = -2*l. Calculate the remainder when 9 is divided by ((-2)/(-4))/(1/l).
0
Let l(q) = -q**2 - 27*q + 420. Calculate the remainder when 67 is divided by l(11).
1
Let c(d) = d**3 - 4*d**2 - 3*d - 7. Let l be c(5). What is the remainder when (-1)/(-3) + 68/3 is divided by (-8)/(l*(-4)/12)?
7
Let j(r) = 5*r**2 + 10*r - 10. Let l(s) = 9*s**2 + s - 2. What is the remainder when j(-4) is divided by l(1)?
6
Let j(w) = 7*w + 2. Let b be j(3). Let n = 66 + -6. Suppose -18*l - n = -b*l. What is the remainder when l is divided by 5?
2
Suppose -5*u + 22 = 2*w, -u = -2*w + 3*u + 58. Let q = 34 - w. Calculate the remainder when 51 is divided by q.
12
Suppose 0 = 3*u - 3*b - 30, -2*u + 4 + 4 = 2*b. What is the remainder when 19 is divided by u?
5
Suppose -17*a - 59 + 229 = 0. Suppose -5*z = 2*u - 89, 0 = -4*z - u - u + 72. Calculate the remainder when z is divided by a.
7
Suppose -5*m + 5*r = -100, 3*r - r = 6. Suppose 3*q = -57 + 15. Let b = q + m. Calculate the remainder when 15 is divided by b.
6
Let p(r) = 48*r - 3. Let l(n) = 24*n - 1. Let y(i) = -7*l(i) + 4*p(i). Let q = 105 - 82. What is the remainder when y(4) is divided by q?
22
Suppose 5*j - 14*r = -10*r + 535, -4*r - 123 = -j. What is the remainder when j is divided by 21?
19
Let x(o) = -o**3 + 6*o**2 + 17*o - 19. Calculate the remainder when x(7) is divided by 9.
6
Suppose 3*j - 37 = 3*n + 113, -3*j + 5*n + 158 = 0. Calculate the remainder when 136 - 3/3*-1 is divided by j.
45
Let s be (-1 - (-21)/9)*27. Let m = s + 4. Calculate the remainder when m is divided by 14.
12
Suppose 0 = 4*m - 32 - 120. Suppose -46 = -3*o - 2*o + c, -4*o - c + 44 = 0. What is the remainder when m is divided by o?
8
Let t = -1376 - -2310. Calculate the remainder when t is divided by 8.
6
Let c(j) = -2*j**2 + 18*j + 3. Let x be c(9). Suppose 1 = -x*w + 43. What is the remainder when 24 is divided by w?
10
Suppose 17*b + 347 - 1707 = 0. Calculate the remainder when 878 is divided by b.
78
Let c(r) = -3*r**3 - 5*r**2 - 3*r - 1. Let g be c(-3). Let b = g + -22. Calculate the remainder when b is divided by ((-4)/(-2))/(0 + 1/6).
10
Suppose 35 = o - 0*o. Let h = 58 - o. Suppose 6*v - 3*m - m = 542, -m - 91 = -v. What is the remainder when v is divided by h?
20
Let p(j) = 18*j**2 + 773*j + 48. Let n = 85 + -135. Let z = n + 73. What is the remainder when p(-43) is divided by z?
22
Let s(l) = -l**2 - 20*l + 102. Calculate the remainder when 46 is divided by s(-24).
4
Let j be ((-84)/(-30))/((-2)/(-5)). Suppose j*u = u + 90. What is the remainder when 88 is divided by u?
13
Suppose -5*u - 6*u = -154. Let k = 194 + -77. Suppose 0 = -4*r - 9 + k. What is the remainder when r is divided by u?
13
Let h = -247 - -266. Calculate the remainder when h is divided by 11.
8
Let k be 44 - -3*(-1 - -2). Let d be (69/(-9))/((-1)/3). Let j = k - d. What is the remainder when 70 is divided by j?
22
Let d(w) = w**3 + 11*w**2 - 27*w + 5. Let s(h) = -25*h + 1. Calculate the remainder when s(-2) is divided by d(-13).
15
Suppose 2*c - 6 = 6. Suppose 0 = -c*j + 3*j - 84. Calculate the remainder when (-14)/4*208/j is divided by 7.
5
What is the remainder when 118 is divided by (798/(-171))/(2/(-3))?
6
Let q = -5 - 2. Let b(o) = o**2 + 7*o + 8. Suppose -w + 3*n + 13 = 0, 4*w - 52 = -3*n + 6*n. What is the remainder when w is divided by b(q)?
5
Let p be 8*(-3)/6 + 88. Suppose p = -0*v + 2*v. Suppose 2*g = -4*g + v. Calculate the remainder when 33 is divided by g.
5
Let t = 1058 + -1592. Let v be ((-14)/4 + 3)*t. Suppose 4*o = 73 + v. What is the remainder when o is divided by 29?
27
Suppose -3*k + 26 = -2*k. Calculate the remainder when 3*206/(-9)*3/(-2) is divided by k.
25
Suppose k = 2*s + 12, 0 = 3*s + 49 - 37. What is the remainder when 50 is divided by k?
2
Let k = 433 - 420. Calculate the remainder when 233 is divided by k.
12
Let u(d) = -8*d - 16. Let t be -1*2/(8/(-68)). Let c = 28 - t. Calculate the remainder when u(-6) is divided by c.
10
Let p(u) = u**2 - u - 39. What is the remainder when p(-8) is divided by 13?
7
Let j(l) = 8*l - 6. Let t be j(5). Let r = 47 - t. What is the remainder when 35 is divided by r?
9
Let h = 60 + -55. Calculate the remainder when 58/12 - (-13)/78 is divided by h.
0
Suppose 2*f + f - 3 = 0, 960 = 4*l - 4*f. What is the remainder when l is divided by 62?
55
Let k(b) = 10*b**2 + 179*b + 8. What is the remainder when 83 is divided by k(-18)?
5
Let g = 2 - 117. Let d = g - -121. What is the remainder when 7 is divided by d?
1
Let r = 112 - 118. What is the remainder when -1 + (-165)/r - (-2)/4 is divided by 11?
5
Suppose -4*n + 3*b = -509, -3 + 0 = b. Let l = 22 + -10. Calculate the remainder when n/6 + 1/6 is divided by l.
9
Suppose -4*z = -65 - 47. Let h = z + -1. Calculate the remainder when 53 is divided by h.
26
Suppose -11 - 1 = -3*u. What is the remainder when 30 is divided by ((-4)/5*u)/(35/(-175))?
14
Let m(c) = -14*c - 379. Calculate the remainder when 530 is divided by m(-30).
38
Suppose -75*o + 1150 = -73*o. What is the remainder when o is divided by 12?
11
Let z = 264 + 75. Calculate the remainder when z is divided by 4.
3
Let h(o) = 3*o**2 - 11*o - 7. Let g be h(4). What is the remainder when 21*g*8/(-18) is divided by 8?
4
Suppose 4*j - 56 = 4*x, -j + 54 = 3*j - 2*x. Suppose 5*o + 35 = 6*q - 3*q, -j = -5*q - 3*o. Calculate the remainder when q is divided by 3.
2
Suppose 1 = -7*x - 34. Let f(j) = -7*j + 24. What is the remainder when f(x) is divided by 6?
5
Suppose -g + 8 = -35. Let f = 2 - -4. Suppose -y + 16 = -f. Calculate the remainder when g is divided by y.
21
Let h(b) = -26*b - 3. Let r be h(-2). Let j = -31 - -13. Let i = r + j. What is the remainder when i is divided by 8?
7
Let g(c) be the third derivative of c**5/60 + 5*c**4/24 + c**3 - 4*c**2. Let z be g(-5). Let r = 11 - z. What is the remainder when 18 is divided by r?
3
Let y(f) = -f**3 - 13*f**2 - 13*f - 3. Calculate the remainder when 61 is divided by y(-12).
7
Calculate the remainder when -1 - (2016/(-9) - -5) is divided by 44.
42
Suppose 4*l + k = 57 + 59, 8 = 2*k. What is the remainder when 48 is divided by l?
20
Let o = -46 - 8. Let m = o + 79. Suppose 117 = 2*g + 4*d + m, -3*d = g - 44. Calculate the remainder when g is divided by 13.
11
Let v(h) = -12*h + 46. Let o be v(-13). Suppose o = 6*x - 50. Calculate the remainder when 82 is divided by x.
40
Suppose 0 = 10*m - 8*m - 18. Let g = -1 + m. Calculate the remainder when 111 is divided by g.
7
Let b be (-1)/3 - (-1045)/3. Let f = 704 - 706. What is the remainder when f*1/((-8)/b) is divided by 18?
15
Let o(g) = -18*g**3 + 5*g + 5. Calculate the remainder when o(-1) is divided by 7.
4
Suppose 4*f + 4 = 5*a, 0*a + 2*a + 2*f + 2 = 0. Suppose 4*m + 0*m - 276 = a. Calculate the remainder when m is divided by (-1)/1 + 15 + 0.
13
Let x = 99 + -79. Suppose x = -22*n + 24*n. Calculate the remainder when 34 is divided by n.
4
Let d = 44 - 60. Calculate the remainder when 41 is divided by 1 - 0 - (1 + 1 + d).
11
Suppose 5*a = 5*q - 13 - 2, 0 = -q + 5. Calculate the remainder when 6 is divided by 30/15*((-2)/a)/(-1).
0
Let n(a) = -2*a**2 + 10*a + 2*a**2 + 20 + a**2 + 0*a**2. Calculate the rema